b(m) + i(m). Let f be o(0). What is the greatest common factor of f and 12?
12
Let q = -10 - 2. Let k be (-2 + 14)/(q/(-8)). Calculate the greatest common factor of 40 and k.
8
Let s be (-2)/6 - 106/(-3). Let d = -23 + s. What is the highest common factor of d and 6?
6
Suppose -4*w - 19 = -75. Let p be (-1 - -2)/(2/w). Calculate the greatest common factor of 21 and p.
7
Let y = 283 + -179. Let n(f) = -7*f - 1. Suppose 3*b + 2 = 2*b. Let d be n(b). What is the highest common divisor of d and y?
13
Let x(r) = r**3 - 4*r**2 + 2*r + 7. Let b be x(3). Calculate the highest common factor of b and 1.
1
Suppose 7*n - 4*n - 6 = 0. Suppose 0 = n*d - 38 - 22. Calculate the highest common factor of d and 45.
15
Let c(d) = 7*d - 2. Let x be c(6). Suppose 2*z = 60 + x. What is the highest common divisor of 10 and z?
10
Suppose 0 = -3*x - x - 2*v + 76, -2*x + 40 = 2*v. Suppose -4*y - 2 = -x, -4*y - 44 = -3*l. What is the highest common divisor of 60 and l?
20
Suppose -5 + 12 = t. What is the highest common divisor of t and 63?
7
Suppose -4*k - 3*g + 8 = g, g = -2*k - 1. Let f = k + 5. Suppose 2*p + f*i = 26, p + 0*i - 43 = 5*i. What is the greatest common factor of 45 and p?
9
Suppose 0 = 3*t + t + 3*o - 60, 38 = t - 5*o. Suppose -2*b + 4*b = t. What is the highest common factor of 6 and b?
3
Let n(r) = -r + 1. Let f be n(-4). Suppose b = -3*q - q + 33, -f*b = -q - 81. Let o = 28 - b. What is the greatest common factor of o and 77?
11
Let q(f) = -f**2 - 7*f + 1. Let a be 2*(-2 + (1 - 1)). Let w be q(a). Calculate the greatest common divisor of 65 and w.
13
Suppose -4*s + 60 + 115 = d, 2*s = 10. Calculate the greatest common divisor of d and 62.
31
Suppose -m - m = -48. Suppose -q - 1 + 5 = 0. Suppose q*h - m = w + w, -h = -3*w - 16. What is the greatest common divisor of h and 16?
4
Let q = 130 - 104. Calculate the highest common divisor of 26 and q.
26
Suppose -g + 5 - 6 = 0. Let d(p) = 70*p**2 + 2*p + 1. Let t be d(g). What is the greatest common divisor of t and 23?
23
Let x = -7 + 7. Suppose n + x = 7. Let l = -8 - -29. What is the greatest common divisor of n and l?
7
Suppose 4*q = -2*b + 2*q + 42, 0 = -4*b + 5*q + 48. What is the greatest common divisor of 17 and b?
17
Let a(y) = y + 11. Let d be a(5). Suppose m + 5 = -3*o + 18, m - 16 = -4*o. What is the highest common divisor of m and d?
4
Let c(y) = 4*y**2 + 3*y + 3. Suppose r = -3*l + 8, -5*r - 8 = 2*l - 3*l. Let t be c(l). Calculate the greatest common factor of t and 16.
16
Let i = 6 - 5. Suppose -l = 3*m - 5, 0 = 4*l - i + 17. Suppose 1 = -m*d + 13. What is the highest common divisor of d and 10?
2
Let l be 1 - 0 - 9/(-9). Let s = l + 4. Suppose -192 = g - 5*g. What is the greatest common factor of s and g?
6
Suppose 5*q = w - 29, -2*q - 60 - 14 = -2*w. What is the greatest common factor of w and 13?
13
Let w(x) = x + 14. Let d be w(-10). Suppose 273 = 5*n + d*l - 2*l, 115 = 2*n - 5*l. What is the greatest common factor of n and 5?
5
Let b(a) = -a - 4. Let j be b(-4). Suppose j = 4*m + 2 - 14. Suppose m*p = 2 + 28. Calculate the highest common factor of p and 25.
5
Suppose -u + 7 = 1. Let x be (-38)/(-2) + (u - 9). What is the greatest common factor of 144 and x?
16
Suppose 6*y = 7*y - 6. Calculate the greatest common factor of 2 and y.
2
Suppose 0 = -5*l + l + 372. Suppose -l - 159 = -2*k. Let y = -10 - -24. Calculate the highest common divisor of k and y.
14
Let b = 9 + 12. Calculate the greatest common divisor of 147 and b.
21
Let q be (2/(-6))/((-1)/51). Suppose -l + q = -19. Suppose -6*u + l = -2*u. What is the greatest common factor of 3 and u?
3
Let d(l) = -15*l + 3. Let k be d(-3). Suppose 0*t = t - k. What is the greatest common divisor of t and 6?
6
Let w be (-42 - -3)/(-3) + -2. Let a(p) = 99*p**2. Let t be a(-1). What is the greatest common divisor of w and t?
11
Let m(c) = -c**3 + 6*c**2 + 4*c + 9. Let s be m(5). Calculate the greatest common factor of 135 and s.
27
Let n be 67/(-3)*-3*1. Let x be (-8 + (-9)/(-3))*-1. Let p be n/x - (-2)/(-5). Calculate the greatest common factor of p and 26.
13
Let l = 217 - 52. Calculate the greatest common divisor of 15 and l.
15
Let p be (-140)/(-60) + 2/3. Calculate the highest common factor of 33 and p.
3
Suppose 5*c - 8*c = -129. Calculate the greatest common divisor of c and 473.
43
Suppose -386 = -14*s - 8. What is the greatest common factor of 3 and s?
3
Suppose -2*j + 8 + 16 = 0. Suppose -6 = -d - o, -30*d + o - 30 = -34*d. What is the greatest common factor of j and d?
4
Let w = -31 + 22. Let h be (-3 + 1)*w/2. Calculate the highest common factor of h and 63.
9
Let y(c) = 10*c**2 - c. Let d be y(-1). Suppose g - 2 = 3*i - 8, -g + 4*i - d = 0. Let q = g + 7. Calculate the highest common divisor of q and 64.
16
Let z be (1*(-2)/4)/(4/(-200)). What is the highest common factor of z and 125?
25
Let c(s) = 3*s + 5 - 5 + s**2. Let i be c(-4). Let a be 18/1 + i/(-2). Calculate the highest common factor of 4 and a.
4
Suppose 4 - 2 = -o. Let d = o + 162. Calculate the highest common factor of d and 20.
20
Let s = 158 - 110. Calculate the greatest common divisor of s and 60.
12
Let y be -2*(2 + 3)*-1. Let w = 1 + 1. Calculate the greatest common divisor of y and w.
2
Let z be 10/55 + (-291)/(-33). What is the greatest common factor of 6 and z?
3
Suppose 4*r - r - 319 = 5*x, 0 = -4*r - 4*x + 436. What is the highest common factor of r and 12?
12
Suppose 0 = 5*n - 10, 2*n = -4*d + 98 + 50. What is the greatest common divisor of d and 4?
4
Let l = 666 + -653. Let t = 166 - 114. What is the greatest common divisor of l and t?
13
Let x(i) = 6*i + 10. Let a(y) be the first derivative of y**2/2 - 2. Let q(h) = -5*a(h) + x(h). Let z be q(0). What is the greatest common factor of 40 and z?
10
Let z(d) = 21*d**3 + 1. Let y be z(1). Suppose -3*i = 2*g - y, -i - 2*g = -0*i - 14. What is the greatest common factor of 6 and i?
2
Suppose 0 = 53*z - 58*z + 55. What is the greatest common factor of 33 and z?
11
Suppose 0*s + 34 = 2*s. Suppose 24*t - 19*t = 595. Calculate the greatest common factor of t and s.
17
Let c(a) = 2*a - 9. Let o be c(6). Let v = 261 + -141. Suppose k = -k - 8, 3*n - o*k = v. Calculate the greatest common divisor of 4 and n.
4
Suppose 0 = 6*u - 113 + 5. Calculate the highest common factor of u and 306.
18
Suppose 5*q = 2*p + 283, -3*q + 3*p + 186 = 9. Calculate the greatest common divisor of q and 11.
11
Let g(l) = -l**2 + 11*l - 8. Let y be g(7). Suppose k + 90 = 4*k. What is the highest common factor of k and y?
10
Let m be 40/(-22) + (-2)/11. Let a be (-1164)/(-30) - m/10. Let j(c) = -c**3 + c**2 - 2*c - 3. Let g be j(-2). What is the highest common divisor of g and a?
13
Let w = 62 + -41. Calculate the greatest common factor of 7 and w.
7
Suppose 3*j + 4*n = 1159, -j - 4*j + 1922 = -3*n. Calculate the highest common divisor of j and 35.
35
Suppose 0 = 4*v - 230 + 18. Let x = -23 + v. Calculate the highest common factor of x and 6.
6
Suppose -2*l = -66 - 66. Let t(m) = 4*m**2 + 37*m + 1 - 43*m + 2*m**3 - m**3. Let f be t(-5). Calculate the greatest common divisor of l and f.
6
Suppose -39 - 21 = -5*k. Suppose 2*i + 336 = 6*i. Calculate the greatest common factor of k and i.
12
Let y = -31 - -47. What is the highest common factor of 2 and y?
2
Let v(q) = q**3 - 5*q**2 - 5*q - 6. Let p be v(6). Let k be (-1 - p) + (-4 - -35). Suppose 2*d = -0*d + k. What is the highest common factor of d and 135?
15
Suppose -2*m - m + 6 = 0. Suppose -3*q = -3*f - 18, 0*q + f = -m*q + 24. What is the highest common divisor of 20 and q?
10
Let k = 8 + -20. Let x = k - -22. What is the highest common divisor of x and 90?
10
Suppose -4 = -m + 2*p + 10, -19 = -m + 3*p. Calculate the highest common divisor of m and 28.
4
Let x(d) = 26*d + 1. Let b be x(4). What is the greatest common factor of 15 and b?
15
Suppose -c = -2*c + 11. Suppose -2*g - 5*i - c = 0, 2*g - 4*i - 7 = -3*i. Calculate the greatest common divisor of 4 and g.
2
Let r(n) = 28*n**2 - n + 1. Let a be r(1). Let c be (-14)/(1*(2 + 0)). Let k = 0 - c. Calculate the greatest common factor of k and a.
7
Let c = 13 - -11. Let t be 3/18 + 61/(-6). Let o = c + t. What is the greatest common factor of 7 and o?
7
Suppose -16*x + 616 = -5*x. What is the greatest common divisor of 7 and x?
7
Let x(k) =